9
Let y be (-3)/12 - 82/(-8). Suppose 7*m - 4*m = 51. Let a = m - y. What is the units digit of a?
7
Suppose 3*d - 5 = k, -2*d + 3*k + 2 - 1 = 0. Suppose 5*i + 5*q - 20 = 0, d*i + q - 3*q - 28 = 0. What is the units digit of i?
9
Suppose b = 2*b + m - 56, 87 = 2*b - 3*m. What is the units digit of b?
1
Let j(d) = -d**2 + 15. Let x = 1 + -1. What is the units digit of j(x)?
5
Suppose -184 = -4*o + 2*o. What is the tens digit of o?
9
Let c(p) = p**2 - p + 5. Let h be c(0). Suppose -h*d + 160 = -0*d. What is the tens digit of d?
3
Suppose 12*a - 11*a = 35. What is the units digit of a?
5
Suppose -4*s + 4 = -3*o, o + 3*o + 5*s = 5. Suppose 3*l - 5 - 4 = o. What is the units digit of l?
3
Let g be ((-9)/(-18))/(1/10). Suppose -3*o = 5*z + 18, 0 = -g*z + 6 - 21. What is the units digit of 5 + (-2 - o - 0)?
4
Let p = 7 + 38. What is the tens digit of p?
4
Suppose 2*r = -4*q, 5*q - 5*r = 4*q + 22. Suppose 1 + 3 = q*k. Suppose 5*c - k*g - 30 = -0*g, 0 = 5*c + 2*g - 50. What is the units digit of c?
8
Suppose 11*f = 10*f + 105. What is the tens digit of f?
0
Let y(l) = -5*l. Let c(s) = 4*s + 1. Let f(d) = -6*c(d) - 5*y(d). Let q be f(5). What is the units digit of q/(-5) - 78/(-10)?
8
Let j = 6 - 17. Let b = -7 - j. Suppose 2*v - b = v. What is the units digit of v?
4
Let x(d) = -4*d - 5. What is the units digit of x(-5)?
5
Let x(q) = -q + 8. What is the units digit of x(3)?
5
Suppose 4 = -f - 1. Let h = 7 + f. What is the units digit of 4/h*5/1?
0
Let t = 1 - -1. Suppose -r + 0*r + t = 0. Suppose -2*k = r*k - 12. What is the units digit of k?
3
Let c = 1 + 20. What is the units digit of (c/(-12))/((-2)/8)?
7
Suppose -4*p + 5*v = -95, -2*p + 3*v + 47 = -0*p. Suppose s + p = -s + 5*x, 0 = -3*s - 5*x + 25. Let h(d) = d**3 + 1. What is the units digit of h(s)?
1
Let o be 1/(-3) + 427/21. Suppose -5*a = o, -5*a = 2*w + 2*w. What is the units digit of w?
5
Suppose j = -2*j. Suppose -5*s + j*s + 25 = 0. Let u = s - 4. What is the units digit of u?
1
Suppose 2*k + 2*k - 60 = 0. Let r = -10 + k. Suppose r*w - 1 = 19. What is the units digit of w?
4
Let q(d) = -d**3 - 9*d**2 - 7*d + 5. Let c be q(-8). Let o be -2 - 15/(c*1). Suppose 0 = -2*k - k + 5*t - 11, -o*k + 29 = 5*t. What is the units digit of k?
3
Let c = 580 - 298. What is the hundreds digit of c?
2
Let m(n) = 2*n**2 + 12*n - 1. Let z(q) = -q**2 - 6*q. Let p(s) = -6*m(s) - 13*z(s). What is the units digit of p(-7)?
3
Let z(v) = 5*v**2 - 6*v + 1. Let r be (-2)/6 + 4/(-6). Let d(s) = s**2. Let j(b) = r*z(b) + 4*d(b). What is the units digit of j(4)?
7
Let r = 26 + -24. What is the units digit of r?
2
Let r(x) = 2*x**2 + 23*x - 13. What is the tens digit of r(-14)?
5
Let s(j) = -j**3 + 5*j**2 - 4*j + 6. Suppose 18 + 7 = 5*v. Let r be s(v). What is the units digit of 4/r - 153/(-21)?
7
Suppose -5*w + 3 = b - w, -w = 5*b - 53. Let y = b - 6. What is the units digit of y?
5
Let s be (12/(-15))/(8/(-20)). Suppose 0*p + 3*d + 16 = 2*p, -5*d = s*p - 16. What is the units digit of p?
8
Let w(p) = -p**2 + 12*p - 4. Let x = 31 + -20. What is the units digit of w(x)?
7
Let o(q) = 2*q**2 - 3*q - 2. Let p be o(3). Suppose 4*m - 5 = p. Suppose -m*j + 16 = j. What is the units digit of j?
4
Let c be (0 + 12/(-9))*-3. Suppose -40 = -2*w - 5*z - 1, 0 = -c*w + 2*z + 42. What is the tens digit of w?
1
Suppose 0*j + p = -2*j, 14 = 5*j - p. Suppose -11 = j*m - v - 37, 0 = m - v - 12. Let o = -8 + m. What is the units digit of o?
6
Let t = 46 + -20. What is the tens digit of t?
2
Let h(r) = -45*r + 5. Let k(x) = 9*x - 1. Let w(l) = 2*h(l) + 11*k(l). Let g be w(3). Let q = g - 15. What is the units digit of q?
1
Let k = 44 - -47. What is the tens digit of k?
9
Suppose 0 = -2*b + 2. Let s = -3 + b. What is the units digit of 6/(6/s)*-2?
4
Let w(l) = -l**3 - l**2 - l + 53. What is the units digit of w(0)?
3
Suppose 57 = -3*r + 2*a, 5*r = -0*r - 3*a - 76. Let l = 1 + r. Let z = l - -22. What is the units digit of z?
6
Let d = 5 + -14. Let s = d + 20. What is the units digit of s?
1
Suppose 4*s + 4*u - 268 = 0, -2*s + 7*u - 4*u + 114 = 0. What is the units digit of s?
3
Let a(i) = -1 - 3 - 2 - 2*i. Let n(s) = s**2 + 5*s + 2. Let y be n(-2). What is the units digit of a(y)?
2
Let w = 11 - -15. What is the units digit of w?
6
Let w = 124 + 29. What is the tens digit of w?
5
Let c = -4 - -19. What is the tens digit of (-122)/(-4) - c/30?
3
Let y = 190 + -100. What is the units digit of y?
0
What is the tens digit of 212/6 - 1/3?
3
Let t(q) = -3*q + 3*q + q**3 - 3*q**2 - 5*q - 2. Let c be t(4). Let v(s) = -s**2 - 9*s + 3. What is the tens digit of v(c)?
2
Suppose 50 = 3*w - 217. What is the tens digit of w?
8
Let f(a) = -6*a - 6. Let n(c) = 1. Let x(v) = -f(v) - 5*n(v). What is the tens digit of x(4)?
2
Suppose 2*y - 4*g - 28 = 4, -15 = 3*g. Suppose -2*p - 36 = -y*p. What is the units digit of p?
9
Let a = -3 - -5. Let z(r) = -2 - r + 0*r + r**a + 3 + r**3. What is the units digit of z(0)?
1
Let q be (-18 - -3)*(-1)/3. Let w(y) = 1 + 0 - 4*y + q*y. What is the units digit of w(7)?
8
Let n(a) = 20*a**2 - a + 6. What is the tens digit of n(2)?
8
Let i(f) = f**3 + 9*f**2 - 7*f + 12. What is the tens digit of i(-9)?
7
Suppose 3*r + 12 = 3*n, -20 = -n - 4*n - 5*r. Let t = n + -3. What is the units digit of -4*t*(-9)/4?
9
Let g(b) = 6*b**2. Let o be (-1 - 2) + (1 - -3). Let i be g(o). Suppose -f + i = -15. What is the units digit of f?
1
Suppose 2*x - 20 = 5*u + 3, 0 = 3*x - 2*u - 18. Suppose -x*s + s = 0. What is the units digit of 2/(-4)*(-2 - s)?
1
Suppose -4*k + k + 6 = 0. Suppose -5*w - k*f + 3*f = 1412, 3*w + 850 = 2*f. What is the units digit of w/(-18) + 1/3?
6
Suppose -5*l = 20, a - l - 12 = 5*a. Let f = a + 3. What is the units digit of f?
1
Let i = 1157 - 808. What is the hundreds digit of i?
3
Let z(f) = -18*f**2 + 2*f + 1. Let u be z(-1). Let j = 33 + u. What is the tens digit of j?
1
What is the tens digit of 368/(-10)*20/(-8)?
9
Suppose 0 = 5*g - 9 - 16. Let h = g - 4. What is the units digit of h/((-2)/(-6)) + 6?
9
Let q(o) = -2*o**2 - o + 5. Let i be q(0). Suppose 0 = 4*f, -h = 2*f - 8 + 1. Let m = h - i. What is the units digit of m?
2
Suppose -2*q - 3*v + 11 = 0, 10 = 2*q + v + v. Suppose u = q*u - 21. What is the units digit of u?
7
Let n(z) be the first derivative of 0*z - 1 - 3*z + z**2 + z. What is the units digit of n(2)?
2
Suppose 6*l = -6*l + 1500. What is the tens digit of l?
2
Suppose -4*k + o + 185 = 0, 6*k - 190 = 2*k + 2*o. Suppose c + 4*c = k. Let f = c + -4. What is the units digit of f?
5
Suppose -35 = -3*r + 43. What is the tens digit of r?
2
Let d be -2 + (-2 - -1 - -4). Let t = d + 1. What is the units digit of t?
2
Let b(c) = -c**2 + 6*c - 4. Let s be b(6). Let t = -11 + 4. What is the units digit of (-3)/(-12) + t/s?
2
Let d be (-2)/(-7) + 72/42. Let q = d + 15. What is the tens digit of q?
1
Suppose 0*n + 4*n - 44 = 0. Suppose -3*s - 15 = 0, -3*x - x - s = -67. Let d = x - n. What is the units digit of d?
7
Suppose 9 = -4*x + 1. Suppose -9*m = -13*m + 4. What is the units digit of (-1 + x)/(m*-1)?
3
What is the tens digit of (-4)/6*(-35)/(-14)*-18?
3
Let u(f) = 1 - 8 - f**2 - 3*f + 3*f + 8*f. Let x(m) = m**2 - 2*m + 3. Let h be x(3). What is the units digit of u(h)?
5
Let w be ((-2)/5)/((-1)/10). Suppose 68 = w*b - c - 14, -3*b = c - 65. What is the tens digit of (b - -5)/(-1 - -3)?
1
Suppose 4*c + 4 = 4. Let v = 6 + -4. Suppose -w - n + 18 = 0, -10 = -c*n - v*n. What is the tens digit of w?
1
Suppose -38 = 5*c + b, b + 4 + 13 = -2*c. Let u(w) = -2*w + 1. What is the tens digit of u(c)?
1
Suppose -247 = 5*o - 10*o - 4*y, -4*o = -2*y - 182. Let q = -33 + o. What is the tens digit of q?
1
Let w(x) = -11*x - 7. Let a be w(7). What is the tens digit of a/(-2) - 6/2?
3
Let r = 358 - 167. Suppose 3*q + q - r = 3*o, 4*o - 156 = -4*q. What is the tens digit of q?
4
Let v(f) = -f + 4. Let m(p) = 0 + 6 - 2*p + 2. Let u(t) = 3*m(t) - 5*v(t). What is the units digit of u(-3)?
7
Let f(s) = -14*s - 15. What is the units digit of f(-9)?
1
Let w(s) = 2*s - 11. Let t be w(6). Let u(z) = 1 + 8*z**2 - 2*z**2 + 3*z**2 - 2*z. What is the units digit of u(t)?
8
Suppose 2*u - 6*v - 40 = -3*v, 2*v - 73 = -3*u. What is the tens digit of u?
2
Suppose 10 = -0*j + 5*j, -2*j = -5*r + 336. What is the tens digit of r?
6
Suppos